{"version":"1.0","provider_name":"CIP Sakana","provider_url":"https:\/\/fpsakanalh.educacion.navarra.es\/web","author_name":"jbengoet","author_url":"https:\/\/fpsakanalh.educacion.navarra.es\/web\/blog\/author\/jbengoet\/","title":"Horario y Calendario Escolar - CIP Sakana","type":"rich","width":600,"height":338,"html":"<blockquote class=\"wp-embedded-content\" data-secret=\"HnUVToJL3R\"><a href=\"https:\/\/fpsakanalh.educacion.navarra.es\/web\/horario-y-calendario-escolar\/\">Horario y Calendario Escolar<\/a><\/blockquote><iframe sandbox=\"allow-scripts\" security=\"restricted\" src=\"https:\/\/fpsakanalh.educacion.navarra.es\/web\/horario-y-calendario-escolar\/embed\/#?secret=HnUVToJL3R\" width=\"600\" height=\"338\" title=\"\u00abHorario y Calendario Escolar\u00bb \u2014 CIP Sakana\" data-secret=\"HnUVToJL3R\" frameborder=\"0\" marginwidth=\"0\" marginheight=\"0\" scrolling=\"no\" class=\"wp-embedded-content\"><\/iframe><script type=\"text\/javascript\">\n\/*! This file is auto-generated *\/\n!function(d,l){\"use strict\";var e=!1,o=!1;if(l.querySelector)if(d.addEventListener)e=!0;if(d.wp=d.wp||{},!d.wp.receiveEmbedMessage)if(d.wp.receiveEmbedMessage=function(e){var t=e.data;if(t)if(t.secret||t.message||t.value)if(!\/[^a-zA-Z0-9]\/.test(t.secret)){for(var r,a,i,s=l.querySelectorAll('iframe[data-secret=\"'+t.secret+'\"]'),n=l.querySelectorAll('blockquote[data-secret=\"'+t.secret+'\"]'),o=new RegExp(\"^https?:$\",\"i\"),c=0;c<n.length;c++)n[c].style.display=\"none\";for(c=0;c<s.length;c++)if(r=s[c],e.source===r.contentWindow){if(r.removeAttribute(\"style\"),\"height\"===t.message){if(1e3<(i=parseInt(t.value,10)))i=1e3;else if(~~i<200)i=200;r.height=i}if(\"link\"===t.message)if(a=l.createElement(\"a\"),i=l.createElement(\"a\"),a.href=r.getAttribute(\"src\"),i.href=t.value,o.test(i.protocol))if(i.host===a.host)if(l.activeElement===r)d.top.location.href=t.value}}},e)d.addEventListener(\"message\",d.wp.receiveEmbedMessage,!1),l.addEventListener(\"DOMContentLoaded\",t,!1),d.addEventListener(\"load\",t,!1);function t(){if(!o){o=!0;for(var e,t,r,a=-1!==navigator.appVersion.indexOf(\"MSIE 10\"),i=!!navigator.userAgent.match(\/Trident.*rv:11\\.\/),s=l.querySelectorAll(\"iframe.wp-embedded-content\"),n=0;n<s.length;n++){if(!(r=(t=s[n]).getAttribute(\"data-secret\")))r=Math.random().toString(36).substr(2,10),t.src+=\"#?secret=\"+r,t.setAttribute(\"data-secret\",r);if(a||i)(e=t.cloneNode(!0)).removeAttribute(\"security\"),t.parentNode.replaceChild(e,t);t.contentWindow.postMessage({message:\"ready\",secret:r},\"*\")}}}}(window,document);\n<\/script>\n","description":"[et_pb_section fb_built=\u00bb1&#8243; admin_label=\u00bbsection\u00bb _builder_version=\u00bb3.22&#8243;][et_pb_row admin_label=\u00bbrow\u00bb _builder_version=\u00bb3.25&#8243; background_size=\u00bbinitial\u00bb background_position=\u00bbtop_left\u00bb background_repeat=\u00bbrepeat\u00bb][et_pb_column type=\u00bb4_4&#8243; _builder_version=\u00bb3.25&#8243; custom_padding=\u00bb|||\u00bb custom_padding__hover=\u00bb|||\u00bb][et_pb_text admin_label=\u00bbText\u00bb _builder_version=\u00bb3.27.4&#8243; background_size=\u00bbinitial\u00bb background_position=\u00bbtop_left\u00bb background_repeat=\u00bbrepeat\u00bb] Calendario En el siguiente enlace podr\u00e1s consultar el calendario escolar de cada especialidad por evaluaciones. Para ello deber\u00e1s seleccionar la pesta\u00f1a correspondiente al ciclo que quieras consultar. Calendarios por Ciclos Horario escolar El comienzo de las clases [&hellip;]","thumbnail_url":"https:\/\/fpsakanalh.educacion.navarra.es\/web\/wp-content\/uploads\/2025\/06\/Calendario-25-26.jpg"}

[et_pb_section fb_built=»1&#8243; admin_label=»section» _builder_version=»3.22&#8243;][et_pb_row admin_label=»row» _builder_version=»3.25&#8243; background_size=»initial» background_position=»top_left» background_repeat=»repeat»][et_pb_column type=»4_4&#8243; _builder_version=»3.25&#8243; custom_padding=»|||» custom_padding__hover=»|||»][et_pb_text admin_label=»Text» _builder_version=»3.27.4&#8243; background_size=»initial» background_position=»top_left» background_repeat=»repeat»] Calendario En el siguiente enlace podrás consultar el calendario escolar de cada especialidad por evaluaciones. Para ello deberás seleccionar la pestaña correspondiente al ciclo que quieras consultar. Calendarios por Ciclos Horario escolar El comienzo de las clases [&hellip;]
