{"id":7362,"date":"2022-10-07T10:48:17","date_gmt":"2022-10-07T08:48:17","guid":{"rendered":"https:\/\/fpsakanalh.educacion.navarra.es\/web\/?page_id=7362"},"modified":"2022-10-07T10:48:19","modified_gmt":"2022-10-07T08:48:19","slug":"empleabilidad-y-genero","status":"publish","type":"page","link":"https:\/\/fpsakanalh.educacion.navarra.es\/web\/empleabilidad-y-genero\/","title":{"rendered":"Empleabilidad y G\u00e9nero"},"content":{"rendered":"<p>[et_pb_section fb_built=\u00bb1&#8243; _builder_version=\u00bb3.22&#8243;][\/et_pb_section][et_pb_section fb_built=\u00bb1&#8243; admin_label=\u00bbsection\u00bb _builder_version=\u00bb3.22.3&#8243;][et_pb_row admin_label=\u00bbrow\u00bb _builder_version=\u00bb4.9.1&#8243; background_color=\u00bbrgba(255,255,255,0.58)\u00bb background_size=\u00bbinitial\u00bb background_position=\u00bbtop_left\u00bb background_repeat=\u00bbrepeat\u00bb custom_padding=\u00bb||0px|||\u00bb][et_pb_column type=\u00bb4_4&#8243; _builder_version=\u00bb3.25&#8243; custom_padding=\u00bb|||\u00bb custom_padding__hover=\u00bb|||\u00bb][et_pb_text admin_label=\u00bbValores Texto\u00bb _builder_version=\u00bb3.27.4&#8243; background_size=\u00bbinitial\u00bb background_position=\u00bbtop_left\u00bb background_repeat=\u00bbrepeat\u00bb custom_margin=\u00bb0px||0px\u00bb custom_padding=\u00bb0px||0px\u00bb z_index_tablet=\u00bb500&#8243;][\/et_pb_text][et_pb_divider show_divider=\u00bboff\u00bb _builder_version=\u00bb3.22.7&#8243; z_index_tablet=\u00bb500&#8243;][\/et_pb_divider][et_pb_text admin_label=\u00bbValores Texto\u00bb _builder_version=\u00bb4.9.1&#8243; background_size=\u00bbinitial\u00bb background_position=\u00bbtop_left\u00bb background_repeat=\u00bbrepeat\u00bb custom_margin=\u00bb0px||0px\u00bb custom_padding=\u00bb0px||0px\u00bb z_index_tablet=\u00bb500&#8243; locked=\u00bboff\u00bb]<span style=\"font-weight: 400\">A trav\u00e9s del siguiente enlace puedes descargarte las Unidades Did\u00e1cticas sobre g\u00e9nero y empleabilidad para trabajarlas con el alumnado de 4\u00aa ESO<\/span><\/p>\n<p style=\"text-align: center\"><span style=\"font-weight: 400\"><a class=\"wp-block-button__link\" href=\"https:\/\/drive.google.com\/drive\/folders\/1BDMq458aWt9296Lc8ucJP025ybsu66aQ?usp=sharing\" target=\"_blank\" rel=\"noreferrer noopener\">Unidad Did\u00e1ctica sobre empleabilidad y g\u00e9nero en Sakana- Enpleagagarritasuna eta generoa Sakanan Unitate Didaktikoak<\/a><\/span><\/p>\n<p>[\/et_pb_text][\/et_pb_column][\/et_pb_row][et_pb_row admin_label=\u00bbrow\u00bb _builder_version=\u00bb4.9.1&#8243; background_color=\u00bbrgba(255,255,255,0.58)\u00bb background_size=\u00bbinitial\u00bb background_position=\u00bbtop_left\u00bb background_repeat=\u00bbrepeat\u00bb custom_padding=\u00bb||0px|||\u00bb][et_pb_column type=\u00bb4_4&#8243; _builder_version=\u00bb3.25&#8243; custom_padding=\u00bb|||\u00bb custom_padding__hover=\u00bb|||\u00bb][et_pb_text admin_label=\u00bbValores Texto\u00bb _builder_version=\u00bb3.27.4&#8243; background_size=\u00bbinitial\u00bb background_position=\u00bbtop_left\u00bb background_repeat=\u00bbrepeat\u00bb custom_margin=\u00bb0px||0px\u00bb custom_padding=\u00bb0px||0px\u00bb z_index_tablet=\u00bb500&#8243;]<\/p>\n<p style=\"text-align: center\"><span style=\"font-weight: 400\"><br \/>\n<a href=\"https:\/\/drive.google.com\/drive\/folders\/1b8W3ljGiUVcJQmQcEY0wC8NumbLP8PZe?usp=sharing\"><img loading=\"lazy\" class=\"wp-image-6698 aligncenter\" src=\"https:\/\/fpsakanalh.educacion.navarra.es\/web\/wp-content\/uploads\/2022\/03\/video-300x269.jpg\" alt=\"\" width=\"150\" height=\"135\" \/><\/a><\/span><\/p>\n<p style=\"text-align: center\"><em><span style=\"font-weight: 400\">Haz click en la imagen para ver los v\u00eddeos sobre g\u00e9nero y empleabilidad<\/span><\/em><\/p>\n<p>[\/et_pb_text][et_pb_divider show_divider=\u00bboff\u00bb _builder_version=\u00bb3.22.7&#8243; z_index_tablet=\u00bb500&#8243;][\/et_pb_divider][\/et_pb_column][\/et_pb_row][et_pb_row admin_label=\u00bbrow\u00bb _builder_version=\u00bb3.25&#8243; background_color=\u00bbrgba(255,255,255,0.58)\u00bb background_size=\u00bbinitial\u00bb background_position=\u00bbtop_left\u00bb background_repeat=\u00bbrepeat\u00bb custom_padding=\u00bb||0px|||\u00bb][et_pb_column type=\u00bb4_4&#8243; _builder_version=\u00bb3.25&#8243; custom_padding=\u00bb|||\u00bb custom_padding__hover=\u00bb|||\u00bb][et_pb_text admin_label=\u00bbValores Texto\u00bb _builder_version=\u00bb3.27.4&#8243; background_size=\u00bbinitial\u00bb background_position=\u00bbtop_left\u00bb background_repeat=\u00bbrepeat\u00bb custom_margin=\u00bb0px||0px\u00bb custom_padding=\u00bb0px||0px\u00bb z_index_tablet=\u00bb500&#8243;][\/et_pb_text][et_pb_divider show_divider=\u00bboff\u00bb _builder_version=\u00bb3.22.7&#8243; z_index_tablet=\u00bb500&#8243;][\/et_pb_divider][\/et_pb_column][\/et_pb_row][\/et_pb_section][et_pb_section fb_built=\u00bb1&#8243; _builder_version=\u00bb3.22.7&#8243; z_index_tablet=\u00bb500&#8243;][et_pb_row _builder_version=\u00bb3.25&#8243; background_size=\u00bbinitial\u00bb background_position=\u00bbtop_left\u00bb background_repeat=\u00bbrepeat\u00bb][et_pb_column type=\u00bb4_4&#8243; _builder_version=\u00bb3.25&#8243; custom_padding=\u00bb|||\u00bb custom_padding__hover=\u00bb|||\u00bb][et_pb_divider show_divider=\u00bboff\u00bb _builder_version=\u00bb3.4.1&#8243; height=\u00bb2px\u00bb box_shadow_style=\u00bbpreset1&#8243; box_shadow_color=\u00bbrgba(0,0,0,0.62)\u00bb saved_tabs=\u00bball\u00bb][\/et_pb_divider][et_pb_divider show_divider=\u00bboff\u00bb _builder_version=\u00bb3.22.2&#8243;][\/et_pb_divider][\/et_pb_column][\/et_pb_row][et_pb_row column_structure=\u00bb1_5,1_5,1_5,1_5,1_5&#8243; disabled_on=\u00bb||off\u00bb _builder_version=\u00bb3.25&#8243; background_size=\u00bbinitial\u00bb background_position=\u00bbtop_left\u00bb background_repeat=\u00bbrepeat\u00bb][et_pb_column type=\u00bb1_5&#8243; _builder_version=\u00bb3.25&#8243; custom_padding=\u00bb|||\u00bb custom_padding__hover=\u00bb|||\u00bb][et_pb_blurb title=\u00bbSello Centro Excelente\u00bb url=\u00bbhttps:\/\/sites.google.com\/a\/educacion.navarra.es\/kadinet\/\u00bb url_new_window=\u00bbon\u00bb image=\u00bbhttps:\/\/fpsakanalh.educacion.navarra.es\/web\/wp-content\/uploads\/2021\/12\/CENTRO-EXCELENTE-10-scaled.jpg\u00bb admin_label=\u00bbSello Centro Excelente\u00bb _builder_version=\u00bb4.9.1&#8243; header_text_align=\u00bbcenter\u00bb link_option_url=\u00bbhttps:\/\/sites.google.com\/a\/educacion.navarra.es\/kadinet\/\u00bb link_option_url_new_window=\u00bbon\u00bb z_index_tablet=\u00bb500&#8243;][\/et_pb_blurb][\/et_pb_column][et_pb_column type=\u00bb1_5&#8243; _builder_version=\u00bb3.25&#8243; custom_padding=\u00bb|||\u00bb custom_padding__hover=\u00bb|||\u00bb][et_pb_blurb title=\u00bbFondo Social Europeo\u00bb url=\u00bbhttps:\/\/ec.europa.eu\/social\/main.jsp?langId=es&amp;catId=325&#8243; url_new_window=\u00bbon\u00bb image=\u00bbhttps:\/\/fpsakanalh.educacion.navarra.es\/web\/wp-content\/uploads\/2019\/05\/fse-e1556830246216.jpg\u00bb admin_label=\u00bbFondo Social Europeo\u00bb _builder_version=\u00bb3.22.7&#8243; header_text_align=\u00bbcenter\u00bb link_option_url=\u00bbhttps:\/\/ec.europa.eu\/social\/main.jsp?langId=es&amp;catId=325&#8243; link_option_url_new_window=\u00bbon\u00bb z_index_tablet=\u00bb500&#8243;][\/et_pb_blurb][\/et_pb_column][et_pb_column type=\u00bb1_5&#8243; _builder_version=\u00bb3.25&#8243; custom_padding=\u00bb|||\u00bb custom_padding__hover=\u00bb|||\u00bb][et_pb_blurb title=\u00bbPrograma Erasmus+\u00bb url=\u00bbhttps:\/\/fpsakanalh.educacion.navarra.es\/web\/erasmus\/\u00bb url_new_window=\u00bbon\u00bb image=\u00bbhttps:\/\/fpsakanalh.educacion.navarra.es\/web\/wp-content\/uploads\/2019\/04\/erasmus-e1556625766679.png\u00bb admin_label=\u00bbPrograma Erasmus+\u00bb _builder_version=\u00bb3.22.7&#8243; text_orientation=\u00bbcenter\u00bb link_option_url=\u00bbhttps:\/\/fpsakanalh.educacion.navarra.es\/web\/erasmus\/\u00bb link_option_url_new_window=\u00bbon\u00bb z_index_tablet=\u00bb500&#8243;][\/et_pb_blurb][\/et_pb_column][et_pb_column type=\u00bb1_5&#8243; _builder_version=\u00bb3.25&#8243; custom_padding=\u00bb|||\u00bb custom_padding__hover=\u00bb|||\u00bb][et_pb_blurb title=\u00bbPrograma Skolae\u00bb url=\u00bbhttps:\/\/www.educacion.navarra.es\/web\/dpto\/programa-skolae\u00bb url_new_window=\u00bbon\u00bb image=\u00bbhttps:\/\/fpsakanalh.educacion.navarra.es\/web\/wp-content\/uploads\/2019\/04\/SKOLAE_Logo_Color-ancho-160.jpg\u00bb alt=\u00bbPrograma Skolae\u00bb admin_label=\u00bbPrograma Skolae\u00bb _builder_version=\u00bb3.22.7&#8243; header_text_align=\u00bbcenter\u00bb link_option_url=\u00bbhttps:\/\/www.educacion.navarra.es\/web\/dpto\/programa-skolae\u00bb link_option_url_new_window=\u00bbon\u00bb z_index_tablet=\u00bb500&#8243;][\/et_pb_blurb][\/et_pb_column][et_pb_column type=\u00bb1_5&#8243; _builder_version=\u00bb3.25&#8243; custom_padding=\u00bb|||\u00bb custom_padding__hover=\u00bb|||\u00bb][et_pb_blurb title=\u00bbPrograma Kimua\u00bb url=\u00bbhttps:\/\/sites.google.com\/educacion.navarra.es\/acbp-en-fp\/inicio\u00bb url_new_window=\u00bbon\u00bb image=\u00bbhttps:\/\/fpsakanalh.educacion.navarra.es\/web\/wp-content\/uploads\/2019\/05\/kimualogo-e1556830690707.png\u00bb admin_label=\u00bbPrograma Kimua\u00bb _builder_version=\u00bb3.22.7&#8243; header_text_align=\u00bbcenter\u00bb background_color=\u00bb#ffffff\u00bb link_option_url=\u00bbhttps:\/\/sites.google.com\/educacion.navarra.es\/acbp-en-fp\/inicio\u00bb link_option_url_new_window=\u00bbon\u00bb z_index_tablet=\u00bb500&#8243;][\/et_pb_blurb][\/et_pb_column][\/et_pb_row][et_pb_row column_structure=\u00bb1_4,1_4,1_4,1_4&#8243; _builder_version=\u00bb3.25&#8243;][et_pb_column type=\u00bb1_4&#8243; _builder_version=\u00bb3.25&#8243; custom_padding=\u00bb|||\u00bb custom_padding__hover=\u00bb|||\u00bb][et_pb_blurb title=\u00bbCoeducaci\u00f3n Menci\u00f3n Especial Mejores Pr\u00e1cticas 2011&#8243; url=\u00bbhttp:\/\/coeducando.educacion.navarra.es\/\u00bb url_new_window=\u00bbon\u00bb image=\u00bbhttps:\/\/fpsakanalh.educacion.navarra.es\/web\/wp-content\/uploads\/2019\/04\/coeducandomencion2011-ancho-160.jpg\u00bb admin_label=\u00bbCoeducaci\u00f3n Menci\u00f3n Especial 2011&#8243; _builder_version=\u00bb3.22.7&#8243; header_text_align=\u00bbcenter\u00bb link_option_url=\u00bbhttp:\/\/coeducando.educacion.navarra.es\/\u00bb link_option_url_new_window=\u00bbon\u00bb z_index_tablet=\u00bb500&#8243;].[\/et_pb_blurb][\/et_pb_column][et_pb_column type=\u00bb1_4&#8243; _builder_version=\u00bb3.25&#8243; custom_padding=\u00bb|||\u00bb custom_padding__hover=\u00bb|||\u00bb][et_pb_blurb title=\u00bbCoeducaci\u00f3n Tercer Premio 2013&#8243; url=\u00bbhttp:\/\/coeducando.educacion.navarra.es\/\u00bb url_new_window=\u00bbon\u00bb image=\u00bbhttps:\/\/fpsakanalh.educacion.navarra.es\/web\/wp-content\/uploads\/2019\/04\/premiocoeducando-ancho-125.jpg\u00bb admin_label=\u00bbCoeducaci\u00f3n Tercer Premio 2013&#8243; _builder_version=\u00bb3.22.7&#8243; header_text_align=\u00bbcenter\u00bb link_option_url=\u00bbhttp:\/\/coeducando.educacion.navarra.es\/\u00bb link_option_url_new_window=\u00bbon\u00bb z_index_tablet=\u00bb500&#8243;][\/et_pb_blurb][\/et_pb_column][et_pb_column type=\u00bb1_4&#8243; _builder_version=\u00bb3.25&#8243; custom_padding=\u00bb|||\u00bb custom_padding__hover=\u00bb|||\u00bb][et_pb_blurb title=\u00bbPremio Aprendizaje-Servicio 2017 Solidaridad y Derechos Humanos Formaci\u00f3n Profesional\u00bb url=\u00bbhttps:\/\/redayssnavarra.org\/\u00bb url_new_window=\u00bbon\u00bb image=\u00bbhttps:\/\/fpsakanalh.educacion.navarra.es\/web\/wp-content\/uploads\/2019\/04\/Premio-Aps-2017-Solidaridad-y-Derechos-Humanos-Formaci\u00f3n-Profesional.jpg\u00bb admin_label=\u00bbPremio Aprendizaje-Servicio 2017&#8243; _builder_version=\u00bb3.22.7&#8243; header_text_align=\u00bbcenter\u00bb link_option_url=\u00bbhttps:\/\/redayssnavarra.org\/\u00bb link_option_url_new_window=\u00bbon\u00bb z_index_tablet=\u00bb500&#8243;][\/et_pb_blurb][\/et_pb_column][et_pb_column type=\u00bb1_4&#8243; _builder_version=\u00bb3.25&#8243; custom_padding=\u00bb|||\u00bb custom_padding__hover=\u00bb|||\u00bb][et_pb_blurb title=\u00bbAsociaci\u00f3n Espa\u00f1ola de Gu\u00edas de Monta\u00f1a<br \/>\n\u00bb url=\u00bbhttp:\/\/www.aegm.org\/\u00bb url_new_window=\u00bbon\u00bb image=\u00bbhttps:\/\/fpsakanalh.educacion.navarra.es\/web\/wp-content\/uploads\/2021\/04\/AEGM.jpg\u00bb admin_label=\u00bbPremio Aprendizaje-Servicio 2017&#8243; _builder_version=\u00bb4.9.1&#8243; header_text_align=\u00bbcenter\u00bb link_option_url=\u00bbhttps:\/\/redayssnavarra.org\/\u00bb link_option_url_new_window=\u00bbon\u00bb z_index_tablet=\u00bb500&#8243; locked=\u00bboff\u00bb][\/et_pb_blurb][et_pb_blurb title=\u00bbUnion of International Mountain Leader Associations\u00bb url=\u00bbhttp:\/\/www.aegm.org\/\u00bb url_new_window=\u00bbon\u00bb image=\u00bbhttps:\/\/fpsakanalh.educacion.navarra.es\/web\/wp-content\/uploads\/2021\/10\/unnamed.jpg\u00bb admin_label=\u00bbPremio Aprendizaje-Servicio 2017&#8243; _builder_version=\u00bb4.9.1&#8243; header_text_align=\u00bbcenter\u00bb link_option_url=\u00bbhttps:\/\/redayssnavarra.org\/\u00bb link_option_url_new_window=\u00bbon\u00bb z_index_tablet=\u00bb500&#8243; locked=\u00bboff\u00bb][\/et_pb_blurb][\/et_pb_column][\/et_pb_row][\/et_pb_section]<\/p>\n","protected":false},"excerpt":{"rendered":"<p>[et_pb_section fb_built=\u00bb1&#8243; _builder_version=\u00bb3.22&#8243;][\/et_pb_section][et_pb_section fb_built=\u00bb1&#8243; admin_label=\u00bbsection\u00bb _builder_version=\u00bb3.22.3&#8243;][et_pb_row admin_label=\u00bbrow\u00bb _builder_version=\u00bb4.9.1&#8243; background_color=\u00bbrgba(255,255,255,0.58)\u00bb background_size=\u00bbinitial\u00bb background_position=\u00bbtop_left\u00bb background_repeat=\u00bbrepeat\u00bb custom_padding=\u00bb||0px|||\u00bb][et_pb_column type=\u00bb4_4&#8243; _builder_version=\u00bb3.25&#8243; custom_padding=\u00bb|||\u00bb custom_padding__hover=\u00bb|||\u00bb][et_pb_text admin_label=\u00bbValores Texto\u00bb _builder_version=\u00bb3.27.4&#8243; background_size=\u00bbinitial\u00bb background_position=\u00bbtop_left\u00bb background_repeat=\u00bbrepeat\u00bb custom_margin=\u00bb0px||0px\u00bb custom_padding=\u00bb0px||0px\u00bb z_index_tablet=\u00bb500&#8243;][\/et_pb_text][et_pb_divider show_divider=\u00bboff\u00bb _builder_version=\u00bb3.22.7&#8243; z_index_tablet=\u00bb500&#8243;][\/et_pb_divider][et_pb_text admin_label=\u00bbValores Texto\u00bb _builder_version=\u00bb4.9.1&#8243; background_size=\u00bbinitial\u00bb background_position=\u00bbtop_left\u00bb background_repeat=\u00bbrepeat\u00bb custom_margin=\u00bb0px||0px\u00bb custom_padding=\u00bb0px||0px\u00bb z_index_tablet=\u00bb500&#8243; locked=\u00bboff\u00bb]A trav\u00e9s del siguiente enlace puedes descargarte las Unidades Did\u00e1cticas sobre g\u00e9nero y empleabilidad para trabajarlas con [&hellip;]<\/p>\n","protected":false},"author":5,"featured_media":0,"parent":0,"menu_order":0,"comment_status":"closed","ping_status":"closed","template":"","meta":{"_et_pb_use_builder":"on","_et_pb_old_content":"<h2>Misi\u00f3n<\/h2>\r\nLa misi\u00f3n del CIP FP Sakana LH IIP es capacitar profesionalmente,\u00a0 facilitar la inserci\u00f3n laboral y contribuir a la formaci\u00f3n integral del\u00a0alumnado dando respuestas a las distintas demandas del entorno\r\n<h2>Visi\u00f3n<\/h2>\r\nnuestro centro aspira a ser un referente educativo, ejemplo de organizaci\u00f3n din\u00e1mica e innovadora, con un modelo de gesti\u00f3n que coordine e implique a todos los participanets.\r\n<h2>Valores<\/h2>\r\nLas personas del CIP FP Sakana LH IIP compartimos los\u00a0siguientes valores:\r\n<ul>\r\n \t<li>El respeto a la dignidad y la solidaridad entre todas las\u00a0personas.<\/li>\r\n \t<li>El esfuerzo en el trabajo como medio para la mejora constante.<\/li>\r\n \t<li>El di\u00e1logo para la consecuci\u00f3n de criterios comunes.<\/li>\r\n \t<li>La participaci\u00f3n responsable de toda la comunidad educativa en el proyecto de centro con actitudes cr\u00edticas positivas.<\/li>\r\n \t<li>La formaci\u00f3n e innovaci\u00f3n continua.<\/li>\r\n<\/ul>","_et_gb_content_width":""},"yoast_head":"<!-- This site is optimized with the Yoast SEO plugin v19.13 - https:\/\/yoast.com\/wordpress\/plugins\/seo\/ -->\n<title>Empleabilidad y G\u00e9nero - CIP Sakana<\/title>\n<meta name=\"robots\" content=\"index, follow, max-snippet:-1, max-image-preview:large, max-video-preview:-1\" \/>\n<link rel=\"canonical\" href=\"https:\/\/fpsakanalh.educacion.navarra.es\/web\/empleabilidad-y-genero\/\" \/>\n<meta property=\"og:locale\" content=\"es_ES\" \/>\n<meta property=\"og:type\" content=\"article\" \/>\n<meta property=\"og:title\" content=\"Empleabilidad y G\u00e9nero - CIP Sakana\" \/>\n<meta property=\"og:description\" content=\"[et_pb_section fb_built=\u00bb1&#8243; _builder_version=\u00bb3.22&#8243;][\/et_pb_section][et_pb_section fb_built=\u00bb1&#8243; admin_label=\u00bbsection\u00bb _builder_version=\u00bb3.22.3&#8243;][et_pb_row admin_label=\u00bbrow\u00bb _builder_version=\u00bb4.9.1&#8243; background_color=\u00bbrgba(255,255,255,0.58)\u00bb background_size=\u00bbinitial\u00bb background_position=\u00bbtop_left\u00bb background_repeat=\u00bbrepeat\u00bb custom_padding=\u00bb||0px|||\u00bb][et_pb_column type=\u00bb4_4&#8243; _builder_version=\u00bb3.25&#8243; custom_padding=\u00bb|||\u00bb custom_padding__hover=\u00bb|||\u00bb][et_pb_text admin_label=\u00bbValores Texto\u00bb _builder_version=\u00bb3.27.4&#8243; background_size=\u00bbinitial\u00bb background_position=\u00bbtop_left\u00bb background_repeat=\u00bbrepeat\u00bb custom_margin=\u00bb0px||0px\u00bb custom_padding=\u00bb0px||0px\u00bb z_index_tablet=\u00bb500&#8243;][\/et_pb_text][et_pb_divider show_divider=\u00bboff\u00bb _builder_version=\u00bb3.22.7&#8243; z_index_tablet=\u00bb500&#8243;][\/et_pb_divider][et_pb_text admin_label=\u00bbValores Texto\u00bb _builder_version=\u00bb4.9.1&#8243; background_size=\u00bbinitial\u00bb background_position=\u00bbtop_left\u00bb background_repeat=\u00bbrepeat\u00bb custom_margin=\u00bb0px||0px\u00bb custom_padding=\u00bb0px||0px\u00bb z_index_tablet=\u00bb500&#8243; locked=\u00bboff\u00bb]A trav\u00e9s del siguiente enlace puedes descargarte las Unidades Did\u00e1cticas sobre g\u00e9nero y empleabilidad para trabajarlas con [&hellip;]\" \/>\n<meta property=\"og:url\" content=\"https:\/\/fpsakanalh.educacion.navarra.es\/web\/empleabilidad-y-genero\/\" \/>\n<meta property=\"og:site_name\" content=\"CIP Sakana\" \/>\n<meta property=\"article:modified_time\" content=\"2022-10-07T08:48:19+00:00\" \/>\n<meta property=\"og:image\" content=\"https:\/\/fpsakanalh.educacion.navarra.es\/web\/wp-content\/uploads\/2022\/03\/video-300x269.jpg\" \/>\n<meta name=\"twitter:card\" content=\"summary_large_image\" \/>\n<meta name=\"twitter:label1\" content=\"Tiempo de lectura\" \/>\n\t<meta name=\"twitter:data1\" content=\"2 minutos\" \/>\n<script type=\"application\/ld+json\" class=\"yoast-schema-graph\">{\"@context\":\"https:\/\/schema.org\",\"@graph\":[{\"@type\":\"WebPage\",\"@id\":\"https:\/\/fpsakanalh.educacion.navarra.es\/web\/empleabilidad-y-genero\/\",\"url\":\"https:\/\/fpsakanalh.educacion.navarra.es\/web\/empleabilidad-y-genero\/\",\"name\":\"Empleabilidad y G\u00e9nero - CIP Sakana\",\"isPartOf\":{\"@id\":\"https:\/\/fpsakanalh.educacion.navarra.es\/web\/#website\"},\"datePublished\":\"2022-10-07T08:48:17+00:00\",\"dateModified\":\"2022-10-07T08:48:19+00:00\",\"breadcrumb\":{\"@id\":\"https:\/\/fpsakanalh.educacion.navarra.es\/web\/empleabilidad-y-genero\/#breadcrumb\"},\"inLanguage\":\"es\",\"potentialAction\":[{\"@type\":\"ReadAction\",\"target\":[\"https:\/\/fpsakanalh.educacion.navarra.es\/web\/empleabilidad-y-genero\/\"]}]},{\"@type\":\"BreadcrumbList\",\"@id\":\"https:\/\/fpsakanalh.educacion.navarra.es\/web\/empleabilidad-y-genero\/#breadcrumb\",\"itemListElement\":[{\"@type\":\"ListItem\",\"position\":1,\"name\":\"Portada\",\"item\":\"https:\/\/fpsakanalh.educacion.navarra.es\/web\/\"},{\"@type\":\"ListItem\",\"position\":2,\"name\":\"Empleabilidad y G\u00e9nero\"}]},{\"@type\":\"WebSite\",\"@id\":\"https:\/\/fpsakanalh.educacion.navarra.es\/web\/#website\",\"url\":\"https:\/\/fpsakanalh.educacion.navarra.es\/web\/\",\"name\":\"CIP Sakana\",\"description\":\"Sitio web del CIP Sakana\",\"potentialAction\":[{\"@type\":\"SearchAction\",\"target\":{\"@type\":\"EntryPoint\",\"urlTemplate\":\"https:\/\/fpsakanalh.educacion.navarra.es\/web\/?s={search_term_string}\"},\"query-input\":\"required name=search_term_string\"}],\"inLanguage\":\"es\"}]}<\/script>\n<!-- \/ Yoast SEO plugin. -->","yoast_head_json":{"title":"Empleabilidad y G\u00e9nero - CIP Sakana","robots":{"index":"index","follow":"follow","max-snippet":"max-snippet:-1","max-image-preview":"max-image-preview:large","max-video-preview":"max-video-preview:-1"},"canonical":"https:\/\/fpsakanalh.educacion.navarra.es\/web\/empleabilidad-y-genero\/","og_locale":"es_ES","og_type":"article","og_title":"Empleabilidad y G\u00e9nero - CIP Sakana","og_description":"[et_pb_section fb_built=\u00bb1&#8243; _builder_version=\u00bb3.22&#8243;][\/et_pb_section][et_pb_section fb_built=\u00bb1&#8243; admin_label=\u00bbsection\u00bb _builder_version=\u00bb3.22.3&#8243;][et_pb_row admin_label=\u00bbrow\u00bb _builder_version=\u00bb4.9.1&#8243; background_color=\u00bbrgba(255,255,255,0.58)\u00bb background_size=\u00bbinitial\u00bb background_position=\u00bbtop_left\u00bb background_repeat=\u00bbrepeat\u00bb custom_padding=\u00bb||0px|||\u00bb][et_pb_column type=\u00bb4_4&#8243; _builder_version=\u00bb3.25&#8243; custom_padding=\u00bb|||\u00bb custom_padding__hover=\u00bb|||\u00bb][et_pb_text admin_label=\u00bbValores Texto\u00bb _builder_version=\u00bb3.27.4&#8243; background_size=\u00bbinitial\u00bb background_position=\u00bbtop_left\u00bb background_repeat=\u00bbrepeat\u00bb custom_margin=\u00bb0px||0px\u00bb custom_padding=\u00bb0px||0px\u00bb z_index_tablet=\u00bb500&#8243;][\/et_pb_text][et_pb_divider show_divider=\u00bboff\u00bb _builder_version=\u00bb3.22.7&#8243; z_index_tablet=\u00bb500&#8243;][\/et_pb_divider][et_pb_text admin_label=\u00bbValores Texto\u00bb _builder_version=\u00bb4.9.1&#8243; background_size=\u00bbinitial\u00bb background_position=\u00bbtop_left\u00bb background_repeat=\u00bbrepeat\u00bb custom_margin=\u00bb0px||0px\u00bb custom_padding=\u00bb0px||0px\u00bb z_index_tablet=\u00bb500&#8243; locked=\u00bboff\u00bb]A trav\u00e9s del siguiente enlace puedes descargarte las Unidades Did\u00e1cticas sobre g\u00e9nero y empleabilidad para trabajarlas con [&hellip;]","og_url":"https:\/\/fpsakanalh.educacion.navarra.es\/web\/empleabilidad-y-genero\/","og_site_name":"CIP Sakana","article_modified_time":"2022-10-07T08:48:19+00:00","og_image":[{"url":"https:\/\/fpsakanalh.educacion.navarra.es\/web\/wp-content\/uploads\/2022\/03\/video-300x269.jpg"}],"twitter_card":"summary_large_image","twitter_misc":{"Tiempo de lectura":"2 minutos"},"schema":{"@context":"https:\/\/schema.org","@graph":[{"@type":"WebPage","@id":"https:\/\/fpsakanalh.educacion.navarra.es\/web\/empleabilidad-y-genero\/","url":"https:\/\/fpsakanalh.educacion.navarra.es\/web\/empleabilidad-y-genero\/","name":"Empleabilidad y G\u00e9nero - CIP Sakana","isPartOf":{"@id":"https:\/\/fpsakanalh.educacion.navarra.es\/web\/#website"},"datePublished":"2022-10-07T08:48:17+00:00","dateModified":"2022-10-07T08:48:19+00:00","breadcrumb":{"@id":"https:\/\/fpsakanalh.educacion.navarra.es\/web\/empleabilidad-y-genero\/#breadcrumb"},"inLanguage":"es","potentialAction":[{"@type":"ReadAction","target":["https:\/\/fpsakanalh.educacion.navarra.es\/web\/empleabilidad-y-genero\/"]}]},{"@type":"BreadcrumbList","@id":"https:\/\/fpsakanalh.educacion.navarra.es\/web\/empleabilidad-y-genero\/#breadcrumb","itemListElement":[{"@type":"ListItem","position":1,"name":"Portada","item":"https:\/\/fpsakanalh.educacion.navarra.es\/web\/"},{"@type":"ListItem","position":2,"name":"Empleabilidad y G\u00e9nero"}]},{"@type":"WebSite","@id":"https:\/\/fpsakanalh.educacion.navarra.es\/web\/#website","url":"https:\/\/fpsakanalh.educacion.navarra.es\/web\/","name":"CIP Sakana","description":"Sitio web del CIP Sakana","potentialAction":[{"@type":"SearchAction","target":{"@type":"EntryPoint","urlTemplate":"https:\/\/fpsakanalh.educacion.navarra.es\/web\/?s={search_term_string}"},"query-input":"required name=search_term_string"}],"inLanguage":"es"}]}},"_links":{"self":[{"href":"https:\/\/fpsakanalh.educacion.navarra.es\/web\/wp-json\/wp\/v2\/pages\/7362"}],"collection":[{"href":"https:\/\/fpsakanalh.educacion.navarra.es\/web\/wp-json\/wp\/v2\/pages"}],"about":[{"href":"https:\/\/fpsakanalh.educacion.navarra.es\/web\/wp-json\/wp\/v2\/types\/page"}],"author":[{"embeddable":true,"href":"https:\/\/fpsakanalh.educacion.navarra.es\/web\/wp-json\/wp\/v2\/users\/5"}],"replies":[{"embeddable":true,"href":"https:\/\/fpsakanalh.educacion.navarra.es\/web\/wp-json\/wp\/v2\/comments?post=7362"}],"version-history":[{"count":2,"href":"https:\/\/fpsakanalh.educacion.navarra.es\/web\/wp-json\/wp\/v2\/pages\/7362\/revisions"}],"predecessor-version":[{"id":7368,"href":"https:\/\/fpsakanalh.educacion.navarra.es\/web\/wp-json\/wp\/v2\/pages\/7362\/revisions\/7368"}],"wp:attachment":[{"href":"https:\/\/fpsakanalh.educacion.navarra.es\/web\/wp-json\/wp\/v2\/media?parent=7362"}],"curies":[{"name":"wp","href":"https:\/\/api.w.org\/{rel}","templated":true}]}}